Is (-1737)/(-15) - r/(-10) a composite number?
True
Suppose -2779 - 348 = -4*f + c, 0 = 2*f - 5*c - 1559. Suppose h + p = 393, 0 = 2*h + 4*p - p - f. Is h prime?
True
Let a = -76149 - -119722. Is a a composite number?
False
Is ((-1)/(-3))/(145/15334185) composite?
False
Let k(h) = 196*h + 327. Is k(17) composite?
False
Let b = 18 + -5. Let z(p) be the first derivative of -p**4/4 + 14*p**3/3 + 5*p**2/2 - 11*p + 7. Is z(b) composite?
False
Suppose -4*t - 3*l = 2*l - 1034, -3*t = -5*l - 758. Let j = -183 + t. Suppose 106 + j = s. Is s composite?
False
Suppose x - 3 = -2*t + 11, -2*t = 2*x - 18. Let k = x + -3. Is 4 + -8 + (186 - k) a prime number?
True
Let m = -451 + 8120. Is m a prime number?
True
Let s = 16 - 21. Let f = s - -8. Is 7395/9 - 2/f composite?
False
Let f(u) = -94*u**3 + u**2 + 2*u + 1. Let r = -9 - -8. Let v be f(r). Suppose -i - 2 = 5*s - 35, 4*i + s - v = 0. Is i prime?
True
Suppose 4*g - 1986 = -2*u, -730 = 3*g - 2*u - 2209. Let c = -260 + g. Is c a composite number?
True
Let v(o) = -1055*o. Let c be v(-1). Suppose -4*x + c = x. Is x a composite number?
False
Let l(j) = 1307*j - 30. Is l(13) a composite number?
True
Is (-60)/108*-9 + 20297 prime?
False
Let t(q) = q**3 + 3*q**2 - q - 4. Let w be t(-3). Let o be -4*(1 - -2)*w. Suppose -3*b = -4*d - 357, 2*d + 2*d = o. Is b a prime number?
False
Let w = -37 - -46. Suppose -6*d = -4713 - w. Is d prime?
True
Let x(y) = -78*y**3 + y**2 + 21*y + 7. Is x(-5) a composite number?
False
Let k be (-2)/(2 + 2)*0 + 2. Let z(n) = 24*n**3 + 2*n**2 + n - 1. Is z(k) composite?
True
Suppose -24*h + 21192 = -18*h. Suppose -h = -3*d + 1379. Is d a composite number?
False
Suppose -2810 = r + 3020. Let z = 9609 + r. Is z prime?
True
Let v(n) = -7*n**2 - 1 + 38*n**2 - 5*n + 3*n. Let t = 0 + -2. Is v(t) prime?
True
Let w = -174 - -553. Is w a composite number?
False
Let y(l) = -l**2 - 26*l - 26. Let d be (-107)/5 + (-14)/(-35). Is y(d) a prime number?
True
Let s = 9 + -9. Suppose s*m + 129 = -m. Let t = m + 286. Is t composite?
False
Let k(a) = 19*a + 7. Let f(p) = -18*p - 7. Let i(n) = 4*f(n) + 3*k(n). Let w be 8/(-10)*450/36. Is i(w) prime?
False
Let o = 17 + -27. Let b(s) = -53*s - 9. Is b(o) composite?
False
Suppose 0 = -4*g + 3*h + 8717, 2*g = -3*g - 3*h + 10930. Is g a composite number?
True
Suppose 4*b + 4*q + 0*q - 19000 = 0, -4758 = -b + 3*q. Suppose 3*l = -2*f + b + 9111, -2*l + 9242 = -3*f. Is l composite?
False
Suppose -5*s - 6*s + 64603 = 0. Suppose 3*j + s = 2*m, 8810 = 3*m - 3*j - 2*j. Is m prime?
False
Let x be 26 - (19 + -3)/4. Let f = 3 + 0. Suppose -5*b + 20 = 0, -f*b - x - 45 = -s. Is s composite?
False
Let l(t) be the second derivative of -116*t**3 - 5*t**2/2 + 32*t. Is l(-1) composite?
False
Let k be 934 - ((-2)/2 + 3). Let n = k - 334. Suppose 0*h = -2*h + n. Is h composite?
True
Is (-2)/3 + (-514)/(-6) a composite number?
True
Let y = 12 - -2. Suppose 20*i = -10 + 10. Is y/2*(97 + i) composite?
True
Let x = -7 - -16. Let h = -11 + x. Let t = 35 - h. Is t a prime number?
True
Let z(g) = 4*g - 10. Let y be z(3). Is 4627*-2*(-1)/y a prime number?
False
Let s = 1074 - 3599. Let i = s + 6514. Is i composite?
False
Let z = -12 + 17. Suppose -2247 = -3*n - 4*c, -4*n - z*c + 786 + 2209 = 0. Is n a prime number?
False
Is (-2924)/(-6) - 9*(-6)/(-162) a prime number?
True
Let b(l) = -5*l + 38. Let w be b(7). Suppose 0 = w*c + 2*s - 2735 - 1852, 5*s - 3047 = -2*c. Is c composite?
False
Let n(s) = -486*s + 335. Is n(-36) a prime number?
False
Is (0 + -1)/(22/(-74954)) composite?
False
Suppose -2*z = o - 8, -2*o = -0*o + 3*z - 14. Let x = 2 - 2. Suppose -o*r - 20 = x, -h + 2*r = 2*h - 643. Is h composite?
False
Let u(l) = l**2 + l - 16. Let p be u(0). Let o be (-19790)/(-26) + p/104. Let b = 1858 - o. Is b a prime number?
True
Suppose -3642 + 49911 = 9*u. Is u a composite number?
True
Is 8/14 + (-616266)/(-98) composite?
True
Suppose 0 = 12*p + 9*p - 151095. Is p composite?
True
Let g(o) = o**3 - 3*o**2 - 3*o + 6. Let j be g(4). Suppose 2*x + 1169 = 5*u - x, 5*x = j. Is u composite?
True
Suppose 3*f + 7 = j, 3*j - f + 3*f - 21 = 0. Let v(s) be the third derivative of s**5/20 - s**4/8 + 5*s**3/6 - 3*s**2. Is v(j) prime?
True
Let o = 230 - -16. Suppose 225 = -f - 4*f - 5*g, -221 = 5*f + 3*g. Let d = f + o. Is d a prime number?
False
Suppose 0*y + 3*y - 18 = 0. Let i be (3 + 14/y)*12. Let m = i + -17. Is m a prime number?
True
Let l = 22 + -20. Let t be ((-12)/9)/(l/(-6)). Suppose t*y + 356 = 8*y. Is y a prime number?
True
Suppose -5*k + w = -48443, 2*k + 871 - 20243 = 3*w. Is k composite?
False
Suppose -4*n = 1480 + 1148. Let c = -431 - n. Suppose 4*w = 734 - c. Is w composite?
False
Let s = 51733 + -27506. Is s a composite number?
True
Suppose 4*v - 177 = v. Let f = 74 + v. Is f prime?
False
Let i be 1 + 1/(1/(-3)). Let l(p) = 11*p**2 + p + 4. Is l(i) a composite number?
True
Let f(t) = t**3 + 4*t**2. Let g be f(-2). Suppose -4*k + g + 8 = 0. Is k a composite number?
True
Let n(m) = -437*m - 19. Let i be n(-9). Let v = i + -2599. Is v a prime number?
False
Let s(t) = -t**3 - 6*t**2 + 2. Let k be s(-6). Let x be (80/(-50))/(k/55). Let b = x - -231. Is b composite?
True
Let h(s) = s**3 - 5*s**2 + 10*s - 9. Suppose -3*z + 12 = 3*c, -2*c + 7*c - 8 = -3*z. Is h(z) prime?
False
Is (-2 - 12/(-9))*1044048/(-32) composite?
False
Is 149698/174 + (-8)/6 a composite number?
False
Suppose -4*y - y = -m - 21, 0 = 3*y - 2*m - 7. Let n(j) = 9*j**3 - 2*j**2 + 3*j + 7. Is n(y) composite?
False
Is (-2 + 166769)*(-4)/12*-1 a prime number?
True
Let d be (-3 + (4 - 3))*-2. Suppose 2*j - 3*r = 5 - 4, -d*j - 3 = -r. Is (1/j)/(1/(-89)) a composite number?
False
Suppose 5*r + 2*n = 216579, 62952 = 4*r + 3*n - 110314. Is r a composite number?
True
Let i be (-45)/(-10)*(-6)/(-9). Suppose 5*z + 2*g = 419, 110 = 2*z - i*g - 69. Is z composite?
True
Is 5/20*16 - -8541 prime?
False
Suppose -3*h = 4*z - 36, 0 = -3*z - 0*z - 2*h + 26. Suppose -z*v = -668 - 262. Is v composite?
True
Suppose 6*b - 39299 + 3473 = 0. Is b a prime number?
False
Let z = -94 + 101. Suppose 0 = -z*w + 1155 + 1708. Is w composite?
False
Suppose -5*o + 9 = b - 16, -b - o = -5. Suppose b = -5*q + 3250 + 18595. Is q composite?
True
Let b(q) = -4*q**3 - 3*q**2 - 5*q - 3. Let f be b(-3). Suppose f + 647 = 10*y. Is y a composite number?
True
Let n = -12465 + 31904. Is n composite?
True
Let l be (-48963)/(-12) + 15/20. Suppose 8*k + l = 11*k - 2*h, -6795 = -5*k + 5*h. Is k prime?
False
Let b(w) be the first derivative of -3 + 2*w + 19/2*w**2. Is b(3) composite?
False
Suppose -5*w - 10*w = -13800. Is (1*w)/1 - (-2 - 1) a prime number?
False
Is (-256)/(-160)*725295/12 composite?
True
Let c(p) = 0*p**2 - 2*p - 6 - p**2 + 0*p - p**3 - 4*p**2. Let q be c(-5). Suppose -q*x = -5*l + 245, -207 = 2*l - 6*l + x. Is l prime?
True
Suppose -4*f - 2334 = -3*f. Let o = 4301 + f. Is o a prime number?
False
Suppose 48 = 5*q + 3*q. Is 1170 + ((-3)/9)/(2/q) a composite number?
True
Suppose -4*w = 2*p - 7*p - 605, -4*w + 3*p = -595. Suppose 0 = 5*a - 0*a + 10, j + 2*a = w. Is j a composite number?
False
Suppose -3*w + 30053 = -2*w + 3*y, -4*w - 5*y + 120184 = 0. Is w a prime number?
False
Suppose 0 = -3*v, -3*i - 2*i + 4715 = -2*v. Is i a composite number?
True
Suppose 7*g = 2*o + 2*g - 5430, -3*g = 4*o - 10808. Suppose o = 4*s + s. Is s prime?
True
Suppose 0 = -o + 4*o - 765. Let f = -144 + o. Is f prime?
False
Let v = 87 + -17. Suppose -175 = -75*n + v*n. Is n prime?
False
Let u be (0 - -15) + (-9 - -7). Suppose u*c = 17*c - 308. Is c a prime number?
False
Let m be (-5)/(25/(-3))*5. Is 4 + m/(-3) + 128 a composite number?
False
Let f = 57 - 40. Let j(u) = -u**3 + 16*u**2 + 20*u - 14. Is j(f) a prime number?
True
Let b be 6/(-4)*(-2)/3*5. Suppose b*n - 644 = n. Is n a prime number?
False
Let o be (25/20)/(3/(-12)). Let u(v) = -7*v**2 - 19*v - 1. Let f(y) = -11*y**2 - 28*y - 2. Let g(c) = -5*f(c) + 8*u(c). Is g(o) a prime number?
True
Let d be 2/((-406)/136 - -3). Suppose -4*g - d = -8*g. Is g a prime number?
False
Let k(c) = -14*c**2 + 3*c + 1. Let w be k(-3). Let j = 234 + w. Suppose 0 = -z + j + 115. Is z composite?
True
Let u = 14154 + 2147. Is u composite?
False
Let g = -13 - -6. Let h = g + 19. Is ((-13)/(-4))/(3/h) a prime number?
True
Let u be (-53 - 3)*(-7)/4. Let p